2*z - l*z**3. Determine t(-1).
4
Let f(a) be the third derivative of 0*a - 1/30*a**5 + 0 + 5/24*a**4 + 2/3*a**3 - 7*a**2. Determine f(4).
-8
Let m(q) be the third derivative of -q**4/8 - q**3/6 + 12*q**2. Calculate m(2).
-7
Let f(j) = -j - 3. Let h be f(-2). Let n = h + 0. Let w(c) = 0 + 0*c - c - 5*c**2 - 1. Give w(n).
-5
Let u(t) = 2*t**3 + 10 - 2*t**2 + 15 - t + 0*t**3 - 26. Give u(2).
5
Suppose -6*l + 8*l + 6 = 0. Let b(n) = -n**2 - n + 3. Determine b(l).
-3
Let i = -2 - -5. Suppose 3*q - 1 = -4*r - i, -2*q = -4. Let v(n) = -n**3 - 3*n**2 - n + 2. Determine v(r).
0
Let l(o) be the second derivative of -o**3/2 + 4*o**2 + 2*o. Let j be 3/4*(-3 + 11). Give l(j).
-10
Suppose 4*b + 30 = 5*i, -3*i = -2*i + 2*b + 8. Let n be (-5 + 6)/(i/(-12)). Let v(h) = -h - 6. Let g be v(n). Let k(u) = -u + 8. What is k(g)?
8
Let g(w) = 2*w + 13. Let o be g(-8). Let k(f) = f**3 + 2*f**2 - 4*f. Determine k(o).
3
Suppose 0 = 3*t + 4*b, -3*t - 24 = -5*b + b. Let x(s) = -6 + 10*s**2 + s**3 - 7*s**2 + 0 + s**2 - 4*s. Determine x(t).
10
Let y(f) = f - 2. Let p(z) = 12*z + 33. Let r be p(-3). Determine y(r).
-5
Let q(m) = m**2 - 2*m + 2. Suppose -5*p + 10 = 5*l, 0 = -3*p - p + 3*l - 6. Suppose p = 2*n + n - 9. Calculate q(n).
5
Suppose -4 = 2*q - 0. Let y(b) = -b**2 - 2*b. Let m(i) = -2*i**2 - 5*i - 1. Let o(d) = -2*m(d) + 5*y(d). What is o(q)?
-2
Let w(d) be the third derivative of -d**4/4 - d**3/6 + d**2. Suppose 4*t = t - 3. Let n be w(t). Let g(i) = i**3 - 4*i**2 - 4*i + 2. Calculate g(n).
7
Let f(o) be the first derivative of -6*o - 1/2*o**2 + 6 + 1/3*o**3. Calculate f(0).
-6
Let h be 2/9 + (-47)/9. Let r(b) = b + 9. Let i(d) = 3*d + 26. Let a(f) = -4*i(f) + 11*r(f). Give a(h).
0
Let y(a) = 2*a + 13*a**2 - 19*a**2 + 9 - 3*a**3 + 2*a**3. Let t be (-3)/(5 + -2) - -6. Suppose t*b = b - 24. Give y(b).
-3
Let l(a) = -a**2 - 6*a + 1. Let g(b) = -3*b**2 + 2*b + 2. Let o be g(2). Let s be l(o). Let w(y) = -3*y + 2*y + 10*y**3 - y + 2 - 1. What is w(s)?
9
Suppose -4 + 34 = -5*n. Let i be (n/(-7))/((-5)/35). Let h(j) = -j**3 - 7*j**2 - 7*j - 8. Give h(i).
-2
Let d(j) = j**2 + 2*j. Suppose -a - 3*n = -6, 3 = -a + 3*n - 9. Let y be d(a). Let s(l) = 0*l - l + 4 - 2. Determine s(y).
-1
Let c(l) be the first derivative of -l**2/2 - 7*l + 13. Determine c(-5).
-2
Let a(o) = -2*o**2 - 2*o + 3 + 3*o**2 + 2*o + 2*o. Let f be ((-12)/(-14))/(2/14). Suppose -m - f = m. Calculate a(m).
6
Let u(w) = w**2 + 2*w + 3. Suppose 2*g = 5*x - 16, -g = 2*x - 0*x - 10. Let i = g + 0. Suppose 5*l = -4*f - i - 31, -5 = l. Calculate u(f).
3
Let d be 3 + 0/((-3)/1). Let g(h) = -2*h - 8*h**3 + 5*h**d + h. Determine g(1).
-4
Suppose 2*r + 3*r = 0. Let y(b) = 3*b + 6 + 18*b**2 - 19*b**2 - 2*b. What is y(r)?
6
Let x(i) = -9*i - 19. Let w(r) = -5*r - 10. Let d(t) = -7*w(t) + 4*x(t). Give d(-5).
-1
Let f = 40 - 40. Let d(s) = 1 - s**2 - 2 + 3*s**3 - 4*s**3 + s. Determine d(f).
-1
Let b(n) = -2 - 11*n - n**3 + n**2 + 14*n - 4*n**2 - 8*n. Determine b(-3).
13
Let o(w) = -w**3 + w**2 + w - 1. Let v be (6/15)/((-1)/5). What is o(v)?
9
Let p = 4 + 1. Suppose -p*j = -0*j - 20. Suppose -3*q + j*q + 1 = 0. Let n(z) = 8*z**3 + 2*z**2 - 1. Calculate n(q).
-7
Let g(k) = -5*k**3 - 9*k**2 - 7*k - 1. Let c(h) = -11*h**3 - 19*h**2 - 15*h - 2. Let x(m) = 6*c(m) - 13*g(m). Suppose -t = 3*t - 12. Calculate x(t).
4
Let u(b) = b**3 + 6*b**2 + 2*b - 7. Suppose -3*g + 0*l = 2*l + 23, l = 4*g + 16. What is u(g)?
8
Let i(a) = a + 4. Let o be i(-2). Let g(x) = -o*x + 3*x + 8 + 0*x - 2*x. Determine g(0).
8
Let l(z) = z**3 - z**2 - z + 11. Suppose 3*o - 5*t = 20, 2*o + t + 2*t + 12 = 0. Determine l(o).
11
Suppose 4 = 3*o - 2. Let l(f) = 4*f - 5*f + o - f + 4*f. Let k = -1 + 3. Calculate l(k).
6
Let l(a) = -a**2 + 5*a - 4. Suppose -5*c - 8 = -38. Give l(c).
-10
Let p(c) be the third derivative of c**4/24 + c**3/6 + 7*c**2. Calculate p(-1).
0
Let o(i) = -5*i**2 + i + 2. Let m be o(-1). Let l(d) = d**3 + 5*d**2 + d + 3. Calculate l(m).
15
Let d(v) be the third derivative of -v**5/30 - v**4/24 + v**3/2 + 15*v**2. Give d(-3).
-12
Let m(d) = -d**3 - 4*d**2 + d - 2. Let v be m(-4). Let x(h) = 2*h**2 + 19*h + 13. Let t(p) = p**2 + 9*p + 6. Let l(k) = -5*t(k) + 2*x(k). Determine l(v).
2
Let d(r) = -r**2 + 2*r. Let i(y) = 11*y**2 - 7*y + 3. Let l(n) = 5*d(n) + i(n). Give l(-2).
21
Let o(n) = -3*n + 7. Let k be 2 - 1/1*(0 - 3). Determine o(k).
-8
Let a(d) = 8*d**2 - 2*d + 1. Suppose 0 = 5*w + 4 - 14. Let x(s) = -3*s + 1. Let p be x(-1). Suppose -t = -p*h - 4*t + 19, w*h - 5*t + 23 = 0. Give a(h).
7
Let k(i) = -i**2 + i - 1. Let c be (3 + (-4)/2)*1. Determine k(c).
-1
Let y(x) = -x**2. Let l(s) = -3*s**2 - 13*s + 6. Let f(j) = j**2 + 7*j - 3. Let d(n) = -5*f(n) - 3*l(n). Let b(t) = d(t) + 5*y(t). Determine b(5).
-8
Let g(p) be the first derivative of 4*p**2 + 2*p + 4. Let m(k) = 3 + 2 - 5*k + 22*k. Let n(l) = 13*g(l) - 6*m(l). Calculate n(5).
6
Let r(b) = b**3 + 2*b**2 + 3*b + 2. Let q be r(-2). Let m(u) = u + 5. What is m(q)?
1
Let x(s) = -s - 1. Let m(o) = o**2 - 5*o - 5. Let h(y) = -m(y) + 4*x(y). Determine h(-3).
-11
Let k(z) = 1 - z**2 - 3*z + 0*z + 5*z + 3*z. Determine k(4).
5
Let v(w) = -w + w**2 - 2 + 6*w + 1. Calculate v(-6).
5
Let f(v) = -v**2 - 27*v - 28. Let y be f(-26). Let h(j) be the second derivative of -j**4/12 - j**3/2 - 3*j**2/2 - j. Calculate h(y).
-1
Let v(w) = -20*w**2 - 15*w + 11. Let k(g) = 7*g**2 + 5*g - 4. Let i(c) = 17*k(c) + 6*v(c). Calculate i(-3).
4
Suppose 0 = -5*b - 0*b + 15. Let i(p) = -p**b + 2*p + 0*p - 1 - 4*p**2 - 6*p - 1. What is i(-3)?
1
Suppose 4 + 0 = -4*a. Let k be (-6)/3*(a + -1). Suppose -t - 8 = -5*h, k*t - 15 = 8*t - 3*h. Let x(c) = c + 1. Calculate x(t).
-2
Let g(p) be the second derivative of p**5/20 + 2*p**4/3 + 7*p**3/6 + p**2/2 + 41*p. What is g(-7)?
1
Let j(y) = -y - 4. Let q(f) = 1. Let t(b) = j(b) + 6*q(b). What is t(-7)?
9
Let t(z) = -z**2 - 2*z. Let y be t(-2). Let k(a) = -a**2 + a - 13. Determine k(y).
-13
Let a(y) = 11 - y + 9 - 21. Determine a(-1).
0
Let k be (4/(-4)*1)/(-1). Let w = k + 1. Let r(q) = -q + 1. Calculate r(w).
-1
Suppose 2*a + 3*a = 10. Let y(f) = -3*f - f**a - 2*f - 2 - 1. Let n be (-2)/((-2)/(-20)*4). Calculate y(n).
-3
Let j(t) = t**2. Let g(a) = -a**2 - 21*a + 45. Let m be g(-23). Determine j(m).
1
Let w(s) = s**3 + 5*s**2 + 5*s + 3. Let g = 41 + -44. Determine w(g).
6
Suppose 3*h + 5 = 2, -2*o - h - 11 = 0. Let x(p) = -p**3 - 6*p**2 - 5*p + 1. What is x(o)?
1
Let g(v) = 2 - v**3 + 15 + v - v**2 - 9. Calculate g(0).
8
Let i(s) be the second derivative of s**6/120 - s**5/10 - s**4/24 + s**3/3 + s**2/2 - 2*s. Let r(u) be the first derivative of i(u). Calculate r(6).
-4
Let m(h) = -h**2 + 7*h - 8. Let p be (1 + 0)/(1/(-15)). Let t be (6/10 + -1)*p. Determine m(t).
-2
Suppose -2*l = b - 3, 3*b - 2*l + 24 = 3*l. Let c(q) = 3*q**3 - 2*q. Let i(v) = v**3 - v**2 + v + 1. Let w(j) = -c(j) + 2*i(j). What is w(b)?
-1
Let h be (3/(-4))/(2/8). Let c = 2 - h. Let g(v) = -v**3 + 5*v**2 - 2. Give g(c).
-2
Let m be 5 + -2 + -1 + -2. Let x be -3 + (m - -1) + 5. Let t(u) = -1 + 4*u + 5*u**3 - 5*u**2 - 1 - 4*u**3. Give t(x).
-8
Let y(x) = 0 + 2 + 0 - x**2 + 4*x. Give y(4).
2
Let d(l) = 2*l**2 + 2*l - 1. Let p(w) = -4*w. Let s be p(-3). Let r = -14 + s. Determine d(r).
3
Let f(s) be the first derivative of -s**4/4 - s**3 + 2*s**2 - 3*s - 1. Let p be f(-4). Let g(j) = -j - 3. Give g(p).
0
Let o(n) = 4*n - 6. Let w(t) = 3*t - 6. Let l = -2 + 7. Let z(p) = l*w(p) - 4*o(p). What is z(-3)?
-3
Let y(s) be the second derivative of s**4/12 - s**3/2 - s**2/2 + 3*s. Let o be 2*(0 + (-15)/(-6)). Determine y(o).
9
Let s(t) = -5*t + 1. Let c(u) = 4*u - 1. Let a(d) = 2*c(d) + 3*s(d). Calculate a(-1).
8
Let a(i) = -i - 5. Suppose 4*t - 7 - 5 = 0, 2*t = -p + 6. Let c be a(p). Let x(j) be the first derivative of j**4/4 + 2*j**3 + 3*j**2/2 - 6*j - 72. Give x(c).
4
Suppose 8 + 7 = 3*n. Let c(j) = j - 1. Let a be c(n). Let t(p) = -p. Let y(k) = -7*k + 2. Let b(u) = -4*t(u) + y(u). Give b(a).
-10
Let g(j) = j**3 - 3*j**2 + j - 1. Let w(i) = -i**3 + 5*i**2 + 5*i + 8. Let f be w(6). Give g(f).
-3
Let y be 2/6 - (-28)/(-12). Suppose -j = j - 4. Let r(x) = x**2 + j*x + 3*x**2 - 2*x**2. What is r(y)?
4
Suppose -8 = 2*k, -3*u + 2*k = -0*k - 26. Let h(g) = g**3 - 5*g**2 - 5*g - 8. Determine h(u).
-2
Suppose 12*u